151 - -156. Suppose m*d = -3*c + 1585, -2*d + 4*c = -243 - 391. What is the tens digit of d?
1
Suppose 18*h = -8 + 62. Suppose -182 + 62 = -h*b. What is the units digit of b?
0
Let q = -30645 + 61859. What is the tens digit of q?
1
Suppose -35*h + 13464 = -2*h. Let n = h + -299. What is the tens digit of n?
0
Let p = -20 + 28. Suppose -3*w - 4*k + 948 = -p*k, 0 = -w + 2*k + 318. What is the units digit of w?
2
Let w(q) = 14*q**3 + 2*q**2 - q - 2. Let z be w(-1). Let o(k) = k**3 + 16*k**2 + 15*k + 23. What is the hundreds digit of o(z)?
3
Suppose l + 3*x = 8*x + 2, 5*l + 20 = -5*x. What is the tens digit of (l/(9/326))/(3/(-9))?
2
Let p(r) = 20*r - 5. Let x be p(9). Let a = 515 - 409. Suppose 0 = 2*g + 3*s + s - a, 2*s + x = 3*g. What is the units digit of g?
7
Let h = 95 - 51. Let v = 18 + -52. Let u = h + v. What is the units digit of u?
0
Let i = -4358 - -10704. What is the hundreds digit of i?
3
Let u = 96393 + -58611. What is the thousands digit of u?
7
Let o be (-3)/(-2)*(-156)/(-6). Suppose 0 = 5*v + 24 - o. Suppose -v*n = -5*t - 64, 95 = 2*n + 2*t + 31. What is the tens digit of n?
2
Suppose -23*d = 18*d + 5*d. Suppose 2*t - 3138 = -4*b, -2*b = -t - d*b + 1589. What is the hundreds digit of t?
5
Suppose -3916188 = -31*w + 23*w - 100*w. What is the thousands digit of w?
6
Let g(a) be the second derivative of a**4/6 - 7*a**3/3 + 15*a**2/2 - 9*a. Let w be g(6). Suppose w*j + 0 - 3 = 0. What is the units digit of j?
1
Let b be (-3)/(184/186 + -1). What is the units digit of (77/21)/(((-15)/b)/(-5))?
1
Suppose 4*j = -16, 13316 = 7*s - 5*s + 4*j. What is the thousands digit of s?
6
Let c = 47830 - 32543. What is the tens digit of c?
8
Let k be (-16)/(-3) + -3 + 24/9. Let o = -1 + 44. Suppose 0 = l - 2, 296 = g + k*l + o. What is the units digit of g?
3
Suppose 3*c + 32778 = 125*v - 120*v, -5*v + 32774 = -4*c. What is the tens digit of v?
5
Let d(i) = 384*i**3 + 8*i**2 - 5*i - 8. What is the units digit of d(2)?
6
Let f(g) = -3*g - 11. Let m be (-16)/6*18*22/33. What is the tens digit of f(m)?
8
Let q be (6 - (1 + 3)) + 1. Let i be -3 - ((-12)/4 - q). What is the hundreds digit of 162 - (1 + i/3)?
1
Suppose 2*k - 12 = -2. Let y(j) = j**2 + 109*j + 2970. Let w be y(-71). Suppose -4*r = 4*z - w, k*r + 172 = 8*z - 5*z. What is the units digit of z?
4
What is the tens digit of 240/(-16) + 2 + 20580?
6
Let u(q) = 3*q**2 - 11*q + 2. Suppose -k - c = 2*c + 8, -2*k + 3*c + 29 = 0. Let l be u(k). Let s = 167 - l. What is the tens digit of s?
9
Let z = 16773 - 7668. What is the thousands digit of z?
9
Let v = -275 + 279. Suppose v*l = -12*l + 1600. What is the hundreds digit of l?
1
Let r(c) = c - 2. Let w(u) = 163*u + 95. Let b(m) = -3*r(m) - w(m). What is the units digit of b(-5)?
1
Let g = -263 + 488. Suppose 8*a = 663 + g. What is the units digit of a?
1
Suppose -31*l - 62*l = 15*l - 803628. What is the units digit of l?
1
Let t be 2 - (-5 - -2 - -6). What is the units digit of 438 + (-1 - ((-1)/t + -2))?
8
Let k(d) = -16*d + 84. Let s be k(5). Suppose -277 = -a - s*x, -4*x - x = 4*a - 1053. What is the units digit of a?
7
Let q(h) = 4*h + 31. Let k be q(-7). Suppose 5 = 3*r - 5*y, -k*r + 14 = 2*y - 5. Suppose -3*x - b = -167, -r*x + b + 3*b = -301. What is the tens digit of x?
5
Let c(s) = s**3 + 4*s**2 - 14*s + 4. Let t be c(-6). Suppose t = 3*h - 11. Suppose -h*f + 6*f = -81. What is the units digit of f?
7
Let k(m) = -15*m - 10. Let j be k(-3). Suppose 3*y = -j + 59. What is the units digit of 4 + ((-6)/y - (-3577)/28)?
1
Let o = 325 + -681. Let r(v) = -3*v**2 + v - 238. Let m be r(0). Let w = m - o. What is the hundreds digit of w?
1
Suppose 0 = -5*d - 98 + 113. Suppose -d*l - 5*h = -507, -l + 186 = -4*h + 17. What is the units digit of l?
9
Suppose -4*s + 19*s - 120 = 0. Let y = -10 + s. What is the units digit of (1/(-2))/(2*y/1576)?
7
Suppose 107*j - 187753 = 718878 - 154956. What is the units digit of j?
5
Let a(d) = 1396*d - 29. Let n be a(2). Let g = 22 - 22. Suppose 17*p - 365 - n = g. What is the units digit of p?
4
What is the tens digit of ((-18)/54)/(1*5/(-761430))?
6
Suppose d + 7*d = -800. Let w = -50 - d. What is the units digit of w?
0
Let p(m) = -8*m + 4. Let d be p(0). Let s be 1 - 5/((-10)/4). Suppose -2*x + 13 = -s*q + 155, -2*q - d*x = -68. What is the units digit of q?
4
Let g(l) = 49*l**2 + l + 1. Let h be g(-1). Let u = h + -47. Suppose 138 = q + u*q. What is the units digit of q?
6
Let v be ((-9)/4)/(-1)*-4. Let n(c) be the second derivative of -13*c**3/6 + 49*c**2/2 + 4*c + 280. What is the tens digit of n(v)?
6
Let z = 635 + -632. Suppose -4*b = 5*y - 2256, z*b - 2*b - y = 555. What is the hundreds digit of b?
5
Suppose 0 = -5*j + 4*f + 2161, -3*j - 2*f + 777 = -502. What is the tens digit of j?
2
Let p be 417 - (-3 + -2) - 3. Suppose -9*a = -p - 418. What is the units digit of a?
3
Let b(n) = -8 - 4*n + 2 - 13. Let x be b(-6). Suppose -3*p = -2*a + 2*p + 113, 2*a + x*p = 163. What is the units digit of a?
9
Suppose -2*d + 25 = d - x, 3*d + 5*x - 19 = 0. Let r = d - -2. Suppose r = -s + 12. What is the units digit of s?
2
Let u be -5 - (-7 - 0)*4/4. Suppose -s = y - 4*y + 4499, u*y - s = 3000. What is the units digit of y?
9
Suppose 0 = -n + 5*s + 17856, -n + 20*s - 16*s + 17850 = 0. What is the hundreds digit of n?
8
Suppose 5*p - 4004 - 331 = -5*c, -2*c + 3*p = -1749. Let u = 1917 - c. What is the thousands digit of u?
1
What is the hundreds digit of (2 + 4 + 73)*(5 + 336)?
9
What is the tens digit of ((-310)/465)/(2/(-135786))?
6
Suppose -427*j - 87849 = -470*j. What is the units digit of j?
3
Let b(h) = -119*h + 2. Let t be b(2). Let y = t + 420. What is the tens digit of y?
8
Let v(t) = -1127*t + 1209. What is the units digit of v(-17)?
8
Suppose 4*b = l - 5940, -4*l - b + 23774 = -3*b. What is the thousands digit of l?
5
Suppose 0 = -2*b - 8 + 2, -10471 = -4*j + b. What is the hundreds digit of j?
6
Suppose 2*a - 3*c + 15 = 0, 0 = -2*a + 5*a - 3*c + 15. Let d = 10 - 7. Suppose 247 = o - a*l + d*l, 4*o - 1022 = 5*l. What is the hundreds digit of o?
2
Suppose 177*p - 4911926 = -4178417 + 5941338. What is the units digit of p?
1
Suppose -5*b + 17 = -2*s, -2 = 26*s - 24*s. Let r(f) = 16*f**3 - 4*f**2 + f + 9. What is the tens digit of r(b)?
0
Let z be (-22)/(-8) + ((-15)/4)/5. Suppose 2*f + z*f - 818 = -5*h, -f = 3. Let p = -89 + h. What is the units digit of p?
7
Suppose 0 = 28*b - 25*b + 759. Let v be ((267 - -1)/4)/(1*-1). Let s = v - b. What is the units digit of s?
6
Suppose -44*s - 155*s = 2083926 - 12382375. What is the tens digit of s?
5
Let n(h) = 53*h - 6. Let i be n(1). Suppose -2*v - 47 = -i. Suppose -z + 105 = -v*z. What is the tens digit of z?
0
Let n be (6/18)/((-2)/12) - -43. Suppose -n*x + 31*x = -8790. What is the tens digit of x?
7
Let l = 13 - 8. Let i(t) = -t**3 + 4*t**2 + 5*t + 5. Let k be i(l). Suppose 3*y + 1 = -5, -5*y = k*x - 455. What is the tens digit of x?
9
Suppose 3 = 5*j + 5*d - 32, -d + 3 = -j. Suppose j*r + 2*p = -3*p - 20, 0 = -r - 4*p - 16. Let t(b) = 2*b**2 + 3*b + 199. What is the tens digit of t(r)?
9
Let g = 1015 - -2932. What is the thousands digit of g?
3
Suppose -o + 5*i + 13 = 0, 4 = -o + 3*o + i. Let z be (o + -1)*(54/12 - 3). Suppose z*r = 2*r + 2*s - 3, -2*r + 34 = 4*s. What is the units digit of r?
7
Suppose 0 = n + 2 + 4. Let o be ((-16)/n)/((-4)/(-12)). Let m(l) = l**3 - 7*l**2 - 4*l - 23. What is the units digit of m(o)?
9
Let f be 3 + (-1 - -2 - -7). Let o be -2 + (0 + 4)*17. Suppose -f*q + 132 = -o. What is the units digit of q?
8
Suppose -24*g = -12*g - 120. Suppose 4*u = -t + 2136, u = -9*t + g*t + 529. What is the tens digit of u?
3
Suppose 24*g + 2*w = 28*g - 21312, -21328 = -4*g - 2*w. Suppose 2*k = -5*j + g, -6*j + j + 5315 = 5*k. What is the hundreds digit of j?
0
Let k(z) = -z**2 + 4*z - 2. Let m be k(2). Suppose -m*s + 3*j - 101 = -3*s, 0 = -3*s - 5*j + 319. What is the tens digit of s?
1
Let j = -34 + 38. Suppose -1571 = 4*h + 3*f, 4*f - 1564 = j*h - 0*f. Let x = h + 590. What is the units digit of x?
8
Suppose c = 12*c - 66. Suppose -y + 218 = -d + c, -3*y + 636 = -d. What is the tens digit of y?
1
Let p(g) = -5*g + 114. Let l be p(-33). Suppose -l = -5*n + 12*j - 8*j, 0 = 5*j - 20. What is the units digit of n?
9
What is the tens digit of 2573102/1